).
1
Let a(g) = -g**2 - 8*g + 51. Let m be 8*(1/(-6))/((-78)/(-702)). Determine a(m).
3
Let r(v) = v**3 - 4*v**2 - 2*v + 1. Suppose -11*z = 42*z - 265. Give r(z).
16
Suppose -4 = -224*i + 220. Let m(a) = 5*a**3 - 8*a + 7. Calculate m(i).
4
Let b(u) = u**3 + 28*u**2 + 10*u + 11. Let f be b(0). Let d(w) = -9*w + 21. Calculate d(f).
-78
Let f(j) = -j**2 - 11*j - 14. Suppose 116 + 113 = -30*d + 19. What is f(d)?
14
Let l(x) = 6*x - 1. Let j(w) = 5*w - 6. Let g(t) = 4*t - 6. Let b(k) = -4*g(k) + 3*j(k). Let n be b(8). What is l(n)?
-13
Let z = 30189 + -30193. Let a(i) = i + 2 - 5 + 2. Determine a(z).
-5
Let k(m) = -15*m + 39. Let s(n) = 13*n - 38. Let i(w) = -3*k(w) - 2*s(w). Let a be i(2). Let u(h) = -h**3 - 2*h**2 + 4*h + 3. Determine u(a).
0
Let q(m) = 9*m + 7002 + 6990 - 13976 + 4*m**2 - 12*m. Determine q(5).
101
Let m = 91 + -91. Suppose -28*n + 23*n - 50 = m. Let b(u) = -4*u - 39. Let i be b(n). Let t(d) = -8*d**2 + 2*d - 1. Calculate t(i).
-7
Let w(a) = 21*a - 103. Let y be w(5). Let j(p) = -32*p**y + 33*p**2 - 14*p - 6 + 9*p. Give j(6).
0
Let g(j) be the first derivative of -j**3/3 + 3*j**2/2 - 3*j + 32. Suppose 10354*c = 10339*c + 45. Determine g(c).
-3
Suppose -180*f - 3744 = 28*f. Let s(h) = -2*h**2 - 25*h + 186. Calculate s(f).
-12
Let j(x) be the second derivative of x**3 + 9*x**2/2 - 9*x - 6. Let h(r) = 23*r + 33. Let n(d) = -6*h(d) + 22*j(d). Calculate n(-1).
6
Let s(a) = -142*a + 16. Let q(j) = -27*j + 3. Let x(f) = 11*q(f) - 2*s(f). Suppose 3*r - 11 = 2*t - 4*t, 4*t + 5*r = 23. Let h = -6 + t. What is x(h)?
-12
Suppose 5*u + 54 = -b, 4*u = 2*u - 10. Let z = 25 + b. Let h(x) = x - 6. Let n(w) = -6*w + 29. Let o(v) = -11*h(v) - 2*n(v). Give o(z).
4
Suppose 3*z = -4*g - 62, 27*z + 48 = 24*z + 3*g. Let j(b) = b**2 + 20*b + 43. Give j(z).
7
Let n(z) be the second derivative of -z**4/12 - 61*z**3/6 - 26*z**2 + 2*z - 2081. Give n(-60).
8
Let o(m) be the third derivative of m**5/60 - 13*m**4/24 + 2*m**3 + 446*m**2. What is o(13)?
12
Let x(t) be the third derivative of -t**5/15 - 5*t**4/4 - 2*t**3 + 3*t**2 - 205. What is x(-7)?
2
Let o(u) = 7*u**2 + u + 3. Let b(t) = -5*t**2 - 2*t - 2. Let f = 91 + -95. Let l(c) = f*b(c) - 3*o(c). Calculate l(4).
3
Let g(p) be the second derivative of -1/6*p**3 + 0 + p**2 + 8*p. Suppose 0*d - 3 = -3*w - 3*d, -3*w - 2 = 2*d. Give g(w).
6
Let x = -288 + 282. Let j(o) = -6*o**3 - 4*o**2 + 3. Let q(z) = -7*z**3 - 4*z**2 - z + 3. Let s(n) = x*j(n) + 5*q(n). What is s(-5)?
-3
Let d(c) be the first derivative of -c**4/4 + 3*c**3 + c**2 - 6*c + 857. What is d(9)?
12
Let z(t) = -t - 8. Suppose -3*d + 3*l - 2 = -38, -l - 40 = -3*d. Suppose 0 = -d*s + 81 + 59. Let v = s - 18. Calculate z(v).
0
Let z(l) be the second derivative of 8*l**5/5 - 7*l**4/4 + 4*l**3/3 + 103*l. Let s(q) = -32*q**3 + 18*q**2 - 7*q. Let x(c) = -7*s(c) - 6*z(c). Determine x(1).
33
Let m(a) = 14*a**2 - a. Suppose 4*k = -3*c + 2 + 15, -k + 2 = 0. Let p(g) = 2*g**3 + 19 - 6*g**2 - 2*g - g**c - 3*g**2. Let v be p(9). What is m(v)?
13
Let u(c) = c**3 + 17*c**2 + 31*c + 11. Suppose 15 = -23*g + 20*g, -5 = n - 2*g. Determine u(n).
-4
Let u(d) = -8*d + 5. Let z be 10/(-16) + 4087/536. Determine u(z).
-51
Let r = 101 + -68. Let l = 29 - r. Let p(v) = v**2 + 3*v. What is p(l)?
4
Let i(a) = 5*a**2 + a - 4. Let d(t) = t + 2 + 1 + 2*t**2 - 6 + 3*t**2. Let j(x) = -4*d(x) + 3*i(x). Let f be 6/300*-5 - 162/180. What is j(f)?
-4
Let u(c) be the first derivative of 4*c**3 + 3/8*c**4 + 1/120*c**5 + 0*c + 0*c**2 - 20. Let i(z) be the third derivative of u(z). Determine i(-4).
5
Let l(z) = -84*z - 464. Let n be l(-6). Let c(a) be the third derivative of a**3 - n*a**2 + 0*a + 1/60*a**5 + 7/24*a**4 + 0. What is c(-7)?
6
Let a(q) = -4*q - 2. Let r be -2 + 231/(-44) - 2/(-8). Let u = r - -8. Calculate a(u).
-6
Suppose -h + 509 = 503. Let u(c) be the third derivative of 1/2*c**3 - h*c**2 + 0*c - 5/24*c**4 - 1/20*c**5 + 1/120*c**6 + 0. Calculate u(4).
-1
Let k(j) = 14*j + 25. Let o be (6/4)/((-8417)/190 + 44). What is k(o)?
-45
Let t(a) be the third derivative of a**5/120 + 51*a**3/2 + 189*a**2. Let m(x) be the first derivative of t(x). Let h = -12 - -8. Give m(h).
-4
Let o(s) be the first derivative of 3*s**2 + 94*s - 653. What is o(-16)?
-2
Let c(g) = 3*g**2 + 5*g - 5. Let u be c(2). Suppose -3*q + u = t + 2*q, t - 3*q = -7. Let y(m) = m**2 + 4*m - 3. Determine y(t).
9
Let i(a) = 841 + 2*a - 418 - 421. Suppose -3*n - 4*n = 0. Calculate i(n).
2
Let x(a) = a**2 - 16*a + 36. Suppose 877*i - 855*i - 264 = 0. What is x(i)?
-12
Let j(o) = 2*o - 21. Let t be (3 - 0)*9/(-11 - (-3 - 11)). Give j(t).
-3
Let p(r) be the first derivative of r**4/4 + 2*r**3 + 7*r**2/2 + 7*r - 130. Suppose 0 = 2*x + 15 - 5. Calculate p(x).
-3
Let t(n) be the first derivative of 1/3*n**3 + n - 66 + 3/2*n**2. Let s be 10/(-4) + 1/(-2). Give t(s).
1
Suppose -2*i = 3*a - 19, -3*a - 3 = -2*a - 4*i. Suppose -j = -0*j + a*t, -j - 6 = -t. Let o(f) = f**2 + 3*f + 3. Determine o(j).
13
Let m(a) = -5*a**2 - 30*a + 30. Suppose 0 = 3*q + y, -2*y - 4 - 5 = -3*q. Let s be m(q). Let j(w) = -7*w**2 - 2*w + 2 - 5*w - 1 - w**3. Give j(s).
-14
Let q(t) = t**3 - 9*t**2 + 2*t + 10. Let r(i) = i**3 - 2. Let u(w) = q(w) + 4*r(w). Calculate u(2).
10
Let j be (256/(-320))/(-2 - 42/(-20)). Let r(v) = -v**3 - 6*v**2 + 12*v - 11. Give r(j).
21
Suppose 33*g = 37*g + 240. Let r = 55 + g. Let h(f) = f**2 + 5*f. Determine h(r).
0
Let h(y) = y**3 - y**2 - y + 11. Let o be 5/((-70)/(-12))*378/36. Let q be (-1)/2*(o - 9)/3. Give h(q).
11
Let t(f) = -51*f - 6. Let p(v) = -37*v - 6. Let n(b) = -3*p(b) + 2*t(b). What is n(3)?
33
Let d(r) = 6*r + 3. Let k = -259 - -262. Suppose -5*z - k*w = 35, 9*z - 12*z - 5*w = 37. Calculate d(z).
-21
Let y be 2/(1*(-1)/149). Let h = y - -292. Let f(p) be the first derivative of 5*p**2/2 + 6*p - 1. Give f(h).
-24
Let p(o) = -4*o + 38. Let f = 16089 - 16085. Calculate p(f).
22
Let l(o) = 0 + 2 + 1 + 4*o. Suppose -5*w = 2*n - 3, -91 = 2*n - 5*w - 104. Determine l(n).
19
Let g(h) = h - 8. Let u = 82 + -70. Suppose 6*n = 10*n - u. Suppose -n*p + 0 = b - 19, 0 = p - 3*b - 3. What is g(p)?
-2
Let b be (-3)/(-2)*2/(-12)*-8. Let c be (2 - (b - 0))*(-5)/(-10). Let m(r) = -r**2 - r - 1. Calculate m(c).
-1
Suppose -207*f - 5*x = -212*f - 15, 5*f + 3*x = -71. Let v(h) = -14*h - 33. Determine v(f).
107
Let w(p) = -26*p**2 - 3*p - 1. Let x(h) = -h + 1. Let i(g) = -53*g**2 - 12*g + 3. Let z(r) = -i(r) + 5*x(r). Let v(m) = 5*w(m) + 2*z(m). Give v(-1).
-24
Let d(f) = 41 + 7*f - 24*f + 16*f + 3 + 3*f. What is d(-22)?
0
Let x(t) be the first derivative of -t**4/12 + t**3/6 - 6*t**2 - 84. Let w(j) be the second derivative of x(j). Determine w(9).
-17
Suppose p + 4551 - 4438 = -2*j, -3*j = -2*p + 138. Let y(x) = -x**3 - 55*x**2 - 159*x - 152. What is y(j)?
4
Let p(z) = -3*z + 4*z + 0*z + 2. Let l(x) = -x**3 + 22*x**2 - 69*x - 13. Let b be l(18). Suppose -18*y + b*y + 46 = 0. Give p(y).
0
Let r(v) = v**2 + 7*v - 31. Suppose -57*l + 320 = 35. Determine r(l).
29
Let y(h) = -24*h**2 + 109228 - 36409 - 36408 - 36412. Suppose 0 = q + 4*n - 15, -3*q + 13 - 32 = -4*n. Determine y(q).
-25
Let n(r) be the third derivative of -13*r**4/24 + 28*r**3 + 2*r**2 - 121*r. Let b be n(13). Let d(w) = -16*w - 1. What is d(b)?
15
Let a(m) = -4*m**2 - 16*m - 17. Suppose -6*x = -7*x + r - 1, 0 = -4*x + 5*r - 2. What is a(x)?
-5
Let l(c) = -10*c - 104. Let p be -8*(-2 - (-5 - -2)) - 3. Calculate l(p).
6
Let r(f) = -555*f - 210. Let v(t) = 82*t + 30. Let o(c) = -4*r(c) - 27*v(c). Determine o(-9).
-24
Let a = 0 - 0. Suppose 5*d + 7*d = a. Suppose d = 2*r - h + 2 + 4, -5*h + 12 = -r. Let z(i) = -4*i**2 + 2*i. Determine z(r).
-20
Let s(t) be the third derivative of t**9/60480 + t**8/2240 + t**6/144 + 59*t**5/60 + 41*t**2. Let j(m) be the third derivative of s(m). Determine j(-9).
5
Let p(x) = -3*x - 35. Suppose -30 = a - 3*d - 7, 5*d = 2*a + 42. Let t be p(a). Let f(v) = 1. Let k(h) = -h - 2. Let i(j) = -f(j) - k(j). Determine i(t).
-1
Let n = 61 - 61. Suppose -44 = -n*w - 2*w. Suppose 2*m - w = -4*t, -m + 24 = 3*t + 2*m. Let p(y) = -y**2 + 3*y - 1. What is p(t)?
-1
Let i(a) = a**3 + a + 1. Let n be i(-2). Let k(t) = -13*t. Let z(y) = -20*y - 2. Let q(s) = 6*k(s) - 4*z(s). Give q(n).
-10
Let r = -4589 - -4575. Let w(l) = l**3 + 14*l**2 + l + 12. Wha